93
What are the prime factors of 199886?
2, 17, 5879
What are the prime factors of 112736?
2, 13, 271
List the prime factors of 496.
2, 31
List the prime factors of 1651.
13, 127
What are the prime factors of 3621?
3, 17, 71
What are the prime factors of 3387?
3, 1129
What are the prime factors of 236?
2, 59
What are the prime factors of 58605?
3, 5, 3907
What are the prime factors of 24976?
2, 7, 223
List the prime factors of 5769.
3, 641
What are the prime factors of 738?
2, 3, 41
List the prime factors of 740.
2, 5, 37
What are the prime factors of 18563?
19, 977
What are the prime factors of 726?
2, 3, 11
What are the prime factors of 12068?
2, 7, 431
What are the prime factors of 3284?
2, 821
List the prime factors of 1624.
2, 7, 29
What are the prime factors of 783?
3, 29
List the prime factors of 889.
7, 127
List the prime factors of 963.
3, 107
List the prime factors of 5220.
2, 3, 5, 29
List the prime factors of 8510.
2, 5, 23, 37
What are the prime factors of 12429?
3, 1381
What are the prime factors of 1771?
7, 11, 23
List the prime factors of 2064.
2, 3, 43
List the prime factors of 2713.
2713
List the prime factors of 31.
31
What are the prime factors of 34335?
3, 5, 7, 109
List the prime factors of 6601.
7, 23, 41
What are the prime factors of 15161?
15161
List the prime factors of 4243.
4243
What are the prime factors of 3271?
3271
List the prime factors of 3228.
2, 3, 269
What are the prime factors of 23468?
2, 5867
What are the prime factors of 64345?
5, 17, 757
What are the prime factors of 11032?
2, 7, 197
What are the prime factors of 508?
2, 127
List the prime factors of 462.
2, 3, 7, 11
What are the prime factors of 41084?
2, 10271
List the prime factors of 164235.
3, 5, 10949
What are the prime factors of 19952?
2, 29, 43
List the prime factors of 28297.
28297
List the prime factors of 2693.
2693
List the prime factors of 321.
3, 107
What are the prime factors of 2322?
2, 3, 43
List the prime factors of 40767.
3, 107, 127
List the prime factors of 8791.
59, 149
What are the prime factors of 852?
2, 3, 71
What are the prime factors of 24741?
3, 2749
What are the prime factors of 3285?
3, 5, 73
List the prime factors of 1023.
3, 11, 31
What are the prime factors of 108758?
2, 13, 47, 89
What are the prime factors of 3531?
3, 11, 107
What are the prime factors of 5094?
2, 3, 283
List the prime factors of 15671.
15671
List the prime factors of 618.
2, 3, 103
List the prime factors of 9953.
37, 269
What are the prime factors of 43118?
2, 21559
What are the prime factors of 53423?
41, 1303
What are the prime factors of 24775?
5, 991
What are the prime factors of 6688?
2, 11, 19
List the prime factors of 19366.
2, 23, 421
List the prime factors of 8981.
7, 1283
What are the prime factors of 6129?
3, 227
List the prime factors of 3755.
5, 751
What are the prime factors of 997?
997
What are the prime factors of 1089?
3, 11
List the prime factors of 9322.
2, 59, 79
What are the prime factors of 7418?
2, 3709
What are the prime factors of 55822?
2, 13, 19, 113
What are the prime factors of 9726?
2, 3, 1621
What are the prime factors of 6186?
2, 3, 1031
List the prime factors of 176227.
176227
List the prime factors of 2051.
7, 293
What are the prime factors of 2941?
17, 173
What are the prime factors of 24314?
2, 12157
List the prime factors of 8630.
2, 5, 863
List the prime factors of 12066.
2, 3, 2011
List the prime factors of 63308.
2, 7, 17, 19
What are the prime factors of 4791?
3, 1597
List the prime factors of 12170.
2, 5, 1217
What are the prime factors of 19216?
2, 1201
What are the prime factors of 4400?
2, 5, 11
What are the prime factors of 1607?
1607
List the prime factors of 85331.
85331
List the prime factors of 79.
79
List the prime factors of 80068.
2, 37, 541
List the prime factors of 8653.
17, 509
What are the prime factors of 2662?
2, 11
What are the prime factors of 3041?
3041
What are the prime factors of 20816?
2, 1301
What are the prime factors of 5454?
2, 3, 101
What are the prime factors of 4133?
4133
List the prime factors of 2790.
2, 3, 5, 31
List the prime factors of 9781.
9781
List the prime factors of 18240.
2, 3, 5, 19
What are the prime factors of 39148?
2, 9787
List the prime factors of 1781.
13, 137
List the prime factors of 104849.
104849
List the prime factors of 69834.
2, 3, 103, 113
List the prime factors of 996.
2, 3, 83
List the prime factors of 973.
7, 139
What are the prime factors of 1015?
5, 7, 29
What are the prime factors of 9031?
11, 821
What are the prime factors of 1946?
2, 7, 139
List the prime factors of 113976.
2, 3, 1583
List the prime factors of 6.
2, 3
What are the prime factors of 155?
5, 31
List the prime factors of 56136.
2, 3, 2339
What are the prime factors of 7950?
2, 3, 5, 53
What are the prime factors of 41651?
41651
List the prime factors of 98563.
98563
List the prime factors of 13549.
17, 797
List the prime factors of 10620.
2, 3, 5, 59
List the prime factors of 775.
5, 31
List the prime factors of 2303.
7, 47
What are the prime factors of 3452?
2, 863
What are the prime factors of 2316?
2, 3, 193
What are the prime factors of 59793?
3, 19, 1049
What are the prime factors of 23943?
3, 23, 347
List the prime factors of 5606.
2, 2803
What are the prime factors of 5839?
5839
List the prime factors of 10469.
19, 29
List the prime factors of 16565.
5, 3313
List the prime factors of 70708.
2, 11, 1607
What are the prime factors of 38?
2, 19
List the prime factors of 777.
3, 7, 37
List the prime factors of 68847.
3, 53, 433
What are the prime factors of 3314?
2, 1657
List the prime factors of 7066.
2, 3533
List the prime factors of 3277.
29, 113
List the prime factors of 114295.
5, 22859
What are the prime factors of 5546?
2, 47, 59
What are the prime factors of 32988?
2, 3, 2749
List the prime factors of 761.
761
What are the prime factors of 24543?
3, 101
List the prime factors of 11923.
11923
List the prime factors of 4739.
7, 677
What are the prime factors of 5187?
3, 7, 13, 19
List the prime factors of 5856.
2, 3, 61
What are the prime factors of 5156?
2, 1289
List the prime factors of 34204.
2, 17, 503
What are the prime factors of 163?
163
List the prime factors of 26115.
3, 5, 1741
List the prime factors of 12298.
2, 11, 13, 43
List the prime factors of 51071.
51071
What are the prime factors of 41542?
2, 20771
What are the prime factors of 37007?
23, 1609
What are the prime factors of 17381?
7, 13, 191
List the prime factors of 2224.
2, 139
What are the prime factors of 14397?
3, 4799
What are the prime factors of 92?
2, 23
What are the prime factors of 42898?
2, 89, 241
List the prime factors of 714.
2, 3, 7, 17
What are the prime factors of 477?
3, 53
List the prime factors of 7230.
2, 3, 5, 241
What are the prime factors of 84256?
2, 2633
What are the prime factors of 137032?
2, 7, 2447
What are the prime factors of 10358?
2, 5179
What are the prime factors of 12647?
12647
What are the prime factors of 17969?
7, 17, 151
List the prime factors of 1541.
23, 67
What are the prime factors of 6130?
2, 5, 613
List the prime factors of 1480.
2, 5, 37
List the prime factors of 6302.
2, 23, 137
List the prime factors of 1386.
2, 3, 7, 11
List the prime factors of 832.
2, 13
What are the prime factors of 840?
2, 3, 5, 7
List the prime factors of 471.
3, 157
What are the prime factors of 1704?
2, 3, 71
List the prime factors of 998.
2, 499
List the prime factors of 719.
719
List the prime factors of 1133.
11, 103
What are the prime factors of 7293?
3, 11, 13, 17
List the prime factors of 6737.
6737
What are the prime factors of 5180?
2, 5, 7, 37
List the prime factors of 37418.
2, 53, 353
List the prime factors of 439.
439
What are the prime factors of 6350?
2, 5, 127
List the prime factors of 404.
2, 101
List the prime factors of 493.
17, 29
List the prime factors of 24781.
24781
What are the prime factors of 1965?
3, 5, 131
List the prime factors of 20.
2, 5
What are the prime factors of 2198?
2, 7, 157
List the prime factors of 2025.
3, 5
List the prime factors of 8707.
8707
List the prime factors of 23950.
2, 5, 479
List the prime factors of 151034.
2, 13, 37, 157
What are the prime factors of 113505?
3, 5, 7, 23, 47
What are the prime factors of 45824?
2, 179
Wh